e thousands digit of b(-1)?
0
What is the hundreds digit of -1*(-11)/(66/60504)?
0
Let s(j) be the first derivative of 4*j**3/3 + j**2/2 - 4*j - 40. What is the tens digit of s(7)?
9
Let o(w) = 514*w**3 + w**2 - w - 1. Let m be o(1). Suppose 4*b = 5*u - 123 - m, -146 = b + 2*u. Let k = -81 - b. What is the tens digit of k?
7
Let b = -290 - -297. Let j(v) = 100*v - 109. What is the units digit of j(b)?
1
Let g be 117/(-273) - (-1 + 94/(-7)). Let y(r) = -13*r + 15. Let w(f) = f - 1. Let s(z) = -66*w(z) - 6*y(z). What is the tens digit of s(g)?
4
Suppose -29*h + 212148 = -11*h. What is the units digit of h?
6
Let f(i) = -i**3 + 10*i**2 + 14*i - 84. Suppose 0 = -8*v - 121 + 169. What is the units digit of f(v)?
4
Let a = -92 + 95. Let w(k) = 54 + 2*k - 53*k**a - 53 - 102*k**3. What is the tens digit of w(-1)?
5
Let t be (24/40)/(1/10). Suppose 2*u - 6 = 3*k, 2*k = -k - t. Suppose u = 7*g - 89 + 26. What is the units digit of g?
9
Suppose -4*g + 11 - 3 = 0. Suppose 2*h - h + 3*d = 0, g*d = -5*h. What is the units digit of (h - -78)/(4 + 45/(-18))?
2
Let m = 167 + -163. Suppose -5*c + 507 = m*z - 10*c, -z - 5*c + 133 = 0. What is the tens digit of z?
2
Suppose 5*u - 550 = 95. Let c = 163 + u. What is the tens digit of c?
9
What is the tens digit of (61961/(-30) + ((-1008)/(-270))/(-28))*-6?
9
Let p(m) = 20*m + 100. Let g be p(-5). What is the tens digit of (-4 - (-3 - g)) + 4 + 685?
8
What is the hundreds digit of 456129*24/1080 + (-1)/5?
1
Suppose -263*o + 4*h = -266*o + 1175, -h + 2 = 0. What is the tens digit of o?
8
What is the tens digit of (3 - -5) + -2983*(-6 + 5)?
9
Let d(y) = y**3 + 16*y**2 + 6. Let h = -8 + -8. Let n be d(h). Suppose 78 = -n*m + 9*m. What is the units digit of m?
6
Suppose 0 = -7*j + 15*j + 5*j - 79547. What is the hundreds digit of j?
1
Suppose 5*p - 9*p + 132 = 0. Suppose p = -2*u + 533. Suppose 0 = -4*w + 5*s - 3*s + u, 0 = s + 5. What is the tens digit of w?
6
Suppose 67 = -a + 4. Let p = -245 - a. Let s = 312 + p. What is the hundreds digit of s?
1
Let k be (-20)/((4/(-4))/(35/(-5))). What is the hundreds digit of ((-2)/1 - -416)*(-210)/k?
6
Let o be (7 + 18/(-3))*539. Let s = -320 + o. What is the tens digit of s?
1
Suppose 233610 = -4*d + 9*d - 9*v, -2*d + 93444 = -v. What is the ten thousands digit of d?
4
Let w be (-308)/(-33) - (-1)/(-3). Suppose -2*k = -15 + w. Suppose r - 39 = 4*b, -k*b + 11 = -r + 2*r. What is the tens digit of r?
2
Let u = 185 - 186. Let c(q) = -168*q**3 - 3*q**2 + q + 1. What is the tens digit of c(u)?
6
Let t be (-1 - -7) + 0 - -1482. Suppose 7*d + 529 = t. What is the units digit of d?
7
Suppose 0 = 564*l - 91*l - 16155315. What is the tens digit of l?
5
Let p = 91 + -87. Suppose p*v = -3*g + 6 - 18, -3*g = 2*v + 12. Suppose 0*j + 3*j - 3*a - 117 = v, 5*j - 4*a - 190 = 0. What is the units digit of j?
4
Let a = -262 + 256. What is the units digit of (-8205)/9*a/30*3?
7
Let l = 3566 + 11198. What is the thousands digit of l?
4
Suppose 3*n - 73 = -64. What is the units digit of 8/20 + 856/10 + n?
9
Let v = -10617 - -12813. What is the units digit of v?
6
Suppose -50*r + 184*r - 914818 = 0. What is the tens digit of r?
2
Let u = -143 + -145. Let h = u - -366. What is the units digit of h?
8
Suppose -3*a = 22*t - 19*t + 12, -4 = -t + 3*a. What is the units digit of t - (-8)/(-6)*-69?
0
Let w = 14246 + -14246. Let a(r) = -r**3 - r**2 - r. Let d(z) = -2*z**3 - 3*z**2 - 5*z + 123. Let i(f) = -4*a(f) + d(f). What is the hundreds digit of i(w)?
1
Let j = -161 + 163. What is the units digit of (-1)/((-8092)/(-2698) + j - 5)?
9
Suppose 4*i - 5*w = -1124 + 12498, 3*i = -4*w + 8546. What is the thousands digit of i?
2
Suppose -5004 = -8*m + 2*m. Suppose -15*w + m = -9*w. What is the units digit of w?
9
Suppose -46 + 41 = v. Let j(s) = -s**2 - 8*s - 10. Let f be j(v). Suppose f*r + 448 = 3*q + 63, 2*r + 610 = 5*q. What is the units digit of q?
0
What is the hundreds digit of 31/(20 - 18 - 1713/858)?
8
Suppose 5*k = 5*c - 5, 0*c - 16 = -5*k - 2*c. Suppose 7*o - 15 = k*o, 6 = -2*q + 2*o. Suppose q*p = 5*p - 1290. What is the units digit of p?
8
Suppose 4*o - 5*d - 15 = -0*o, -o = 5*d + 15. Let t(f) = 24 + f**3 + 0*f**3 - 5 - f**2 - f. What is the units digit of t(o)?
9
Let a = 67 - 58. Let j be ((-7)/(42/a))/((-2)/4). Suppose -4*s = -j*y - 321, 0 = 2*y - 3*y - 3. What is the units digit of s?
8
Suppose -4*i = 4*o + 4, o - 10 = 2*i - 11. Suppose 8*k - 997 - 1707 = i. What is the tens digit of k?
3
Suppose 0 = -3*i - 4*k + 4, 16 = -15*i + 18*i - 2*k. Suppose -i*s = -12*s + 752. What is the units digit of s?
4
Suppose 0 = 30*z - 26*z - 20. Let t(m) = 5*m**2 - 15*m - 3. What is the units digit of t(z)?
7
Let r be (-4)/(5/(5/(-2))) - 1. Let c be -3*(r + 86)/(-1). Suppose 7*y - 10*y = -c. What is the tens digit of y?
8
Suppose -9*b - 114622 = -2*r - 4964, 274145 = 5*r + 2*b. What is the units digit of r?
9
Let i be 2/(-14) - 1625627/(-413). Suppose 11*l - i = 8791. What is the tens digit of l?
5
Suppose 0 = 2*b, 0 = -5*g + 3*b + 16110 - 3815. What is the hundreds digit of g?
4
Suppose -93 = -3*i - 3*n, -i = -4*n - 18 - 8. What is the hundreds digit of i/(-5)*674/(-12) + 0?
3
Suppose -115*k + 118*k = 0. Suppose 2*y = -5*b - 14 + 500, k = -4*y - b + 936. What is the tens digit of y?
3
Suppose 15*a - 13*a = 11*a - 173322. What is the tens digit of a?
5
Suppose 0 = -6*u + 42 + 12. Let t be 1537/u - (-5)/(180/8). What is the units digit of (8/(-6))/((-2)/t)?
4
Suppose -5*t + 24*k + 66888 = 25*k, t = 4*k + 13407. What is the ten thousands digit of t?
1
Suppose o - 2 = -5*t - 0*o, 3*o - 6 = -4*t. Let h be (t/2 + 4)*(-11)/(-22). Suppose -122 = -h*v + 8. What is the tens digit of v?
6
Let x(z) = 27*z**2 - 8*z - 66. Suppose 4*f - 4 = w, -w - f - 4 - 5 = 0. What is the thousands digit of x(w)?
1
Let f = 30 + -180. Let h = 419 + f. What is the tens digit of h?
6
Let n(k) be the second derivative of k**4/12 + 7*k**3/6 - 17*k**2 - 12*k - 1. What is the hundreds digit of n(-18)?
1
Let n(u) = 9*u + 76. Let z(p) = 2*p**3 + 2*p**2 - 2*p. Let g be z(1). Let r(y) = 2*y + 15. Let a(w) = g*n(w) - 11*r(w). What is the tens digit of a(-7)?
1
Suppose -w + 2*g = -12, -5*w - 4*g = -1 - 3. Suppose 5*k + 23 = -i, 5*i = 4*k + 34 - w. Suppose -i*z - 10 = 0, a = 2*a + z. What is the units digit of a?
5
Let g be 15/(-30) + 50/(-4). What is the units digit of (g - 10)/(2/(-50))?
5
Let j(p) = 11*p + 2*p + 5 + 6*p**2 + 5*p**2 - 6*p**2. Let h = -8 - -3. What is the units digit of j(h)?
5
Let b be (8/(-12))/(2/(-27)). Let a be -12*b*3/2. What is the hundreds digit of (-429)/(-4) + (a/(-24))/9?
1
Let h(w) = -3*w**2 + w + 2. Let t be h(2). Let b = 34 - t. What is the units digit of b?
2
Let b = 438 + -435. Let c(s) = s**2 - 5 + s + 2*s**3 - 1 - s**3. What is the tens digit of c(b)?
3
Let g = -320 - -498. Suppose -6*s + g = -5*s - 5*f, 0 = 5*s - 3*f - 868. What is the tens digit of s?
7
Suppose 2*z - 24664 - 40400 = 3*y, -y + 32542 = z. What is the thousands digit of z?
2
What is the hundreds digit of 96/60*(-768455)/(-38)?
3
Suppose 0 = 11*y - 6*y + 1035. Let l = -187 - y. What is the tens digit of l?
2
Suppose 0 = 2*t - 8, 0 = 4*z - 5*t + 1 + 19. Let b(k) = k**2 + 4*k + 10. Let q be b(z). What is the tens digit of (5 - q - 122)/(-1)?
2
Let y be 1*(-30)/5*595/(-2). Suppose -f - 4*f + 2978 = 4*i, 0 = 3*f + 3*i - y. What is the tens digit of f?
9
Suppose -4*v + 7 = -1. Suppose 4*i - 1086 = -v*i. What is the hundreds digit of i?
1
Let x(g) = 26*g**2 + 21*g - 2. Let u be x(5). Let b = u - 496. What is the units digit of b?
7
Let q be ((-14)/(-6))/((-336)/(-432)). What is the units digit of (-13871)/(-26) + q/(-6)?
3
Let f = 13 - 7. Suppose -4*n + 3*p = 6*p - f, 2*n - 4*p = -8. Suppose 5*t - 209 - 226 = n. What is the tens digit of t?
8
Suppose -2*x - 5 = -49. Suppose 10*l - x*l + 7800 = 0. What is the hundreds digit of l?
6
Suppose 41109 - 80180 - 252521 = -28*m. What is the hundreds digit of m?
4
Let l(c) = c**3 + 30*c**2 - 33*c + 207. Let m be l(-31). Let k = m - -802. What is the units digit of k?
1
Let a be (-4 - -17885) + (-3 - -8). Suppose -27*u - 6*u = -a. What is the units digit of u?
2
Let g be (200/(-3))/(-2*3/36). Suppose 283*j - 284*j + g = 0. What is the tens digit of j?
0
Let n = -66293 + 120186. What is the hundreds digit of n?
8
Supp